 3 divide 6717?
True
Does 4 divide 201?
False
Does 145 divide 6525?
True
Is 13 a factor of 28250?
False
Does 28 divide 59780?
True
Is 2001 a multiple of 3?
True
Is 7 a factor of 12579?
True
Is 2 a factor of 2791?
False
Is 2369 a multiple of 12?
False
Is 254 a factor of 149860?
True
Is 7 a factor of 8550?
False
Is 197 a factor of 35206?
False
Is 47 a factor of 517?
True
Does 22 divide 10581?
False
Does 71 divide 460?
False
Is 12228 a multiple of 5?
False
Is 56 a factor of 20440?
True
Does 17 divide 5049?
True
Is 62 a factor of 79546?
True
Is 16 a factor of 4736?
True
Is 7 a factor of 3167?
False
Does 50 divide 14600?
True
Is 13648 a multiple of 8?
True
Does 2 divide 273?
False
Does 64 divide 9156?
False
Is 14 a factor of 564?
False
Is 10 a factor of 1025?
False
Does 33 divide 17853?
True
Is 5 a factor of 54?
False
Does 19 divide 10241?
True
Is 7 a factor of 293?
False
Is 71 a factor of 1176?
False
Is 81 a factor of 15390?
True
Does 19 divide 1657?
False
Does 70 divide 8050?
True
Does 31 divide 1245?
False
Is 17064 a multiple of 13?
False
Is 12 a factor of 28031?
False
Does 8 divide 18056?
True
Is 33 a factor of 297?
True
Is 169 a factor of 67600?
True
Is 9 a factor of 1095?
False
Is 2211 a multiple of 2?
False
Is 198 a multiple of 9?
True
Is 54 a factor of 1242?
True
Is 667 a multiple of 29?
True
Is 32026 a multiple of 58?
False
Does 55 divide 53237?
False
Is 7633 a multiple of 22?
False
Does 6 divide 131?
False
Is 57 a factor of 1482?
True
Does 43 divide 5755?
False
Does 107 divide 130408?
False
Is 299 a multiple of 5?
False
Does 48 divide 93024?
True
Is 3088 a multiple of 21?
False
Does 32 divide 14900?
False
Is 10 a factor of 180?
True
Does 42 divide 270?
False
Is 187 a factor of 15521?
True
Does 3 divide 1800?
True
Is 43 a multiple of 2?
False
Does 23 divide 379?
False
Does 68 divide 6596?
True
Is 128 a factor of 8576?
True
Does 85 divide 32045?
True
Is 23947 a multiple of 26?
False
Is 130 a factor of 12480?
True
Is 4883 a multiple of 248?
False
Is 38860 a multiple of 335?
True
Is 15574 a multiple of 14?
False
Is 112 a factor of 8259?
False
Is 770 a multiple of 10?
True
Is 73 a multiple of 25?
False
Does 2 divide 1834?
True
Is 104 a factor of 2808?
True
Is 48750 a multiple of 30?
True
Is 20 a factor of 174?
False
Is 28890 a multiple of 165?
False
Is 31 a factor of 3367?
False
Is 6963 a multiple of 13?
False
Does 8 divide 20442?
False
Does 67 divide 3417?
True
Is 1388 a multiple of 86?
False
Is 1263 a multiple of 22?
False
Does 6 divide 2820?
True
Is 63 a factor of 3805?
False
Is 30 a factor of 1410?
True
Is 294 a multiple of 93?
False
Does 12 divide 135?
False
Is 7168 a multiple of 224?
True
Is 4 a factor of 793?
False
Does 49 divide 27608?
False
Is 346 a factor of 15570?
True
Is 15 a factor of 255?
True
Is 10886 a multiple of 76?
False
Is 489 a multiple of 67?
False
Is 55 a factor of 825?
True
Does 246 divide 16482?
True
Is 1135 a multiple of 5?
True
Is 40 a factor of 13400?
True
Is 93 even?
False
Does 6 divide 1537?
False
Is 44 a factor of 1661?
False
Is 17 a factor of 34?
True
Is 1218 a multiple of 14?
True
Is 13 a multiple of 4?
False
Is 76560 a multiple of 24?
True
Is 94743 a multiple of 22?
False
Is 13464 a multiple of 44?
True
Does 24 divide 1870?
False
Is 1484 a multiple of 17?
False
Is 57 a factor of 754?
False
Is 57 a factor of 1589?
False
Is 111 a multiple of 37?
True
Is 335 a multiple of 5?
True
Is 502 even?
True
Is 34 a factor of 24378?
True
Does 36 divide 1200?
False
Is 14 a factor of 40195?
False
Is 36855 a multiple of 39?
True
Is 17 a factor of 104?
False
Is 16850 a multiple of 25?
True
Is 21325 a multiple of 82?
False
Is 7307 a multiple of 21?
False
Does 8 divide 2521?
False
Does 14 divide 14?
True
Is 94 a factor of 3942?
False
Does 28 divide 588?
True
Is 25 a factor of 14425?
True
Is 8 a factor of 383?
False
Is 10 a factor of 660?
True
Is 2898 a multiple of 23?
True
Is 85510 a multiple of 17?
True
Is 31 a factor of 4991?
True
Does 37 divide 47016?
False
Is 1455 a multiple of 15?
True
Does 12 divide 5685?
False
Does 40 divide 49040?
True
Is 4040 a multiple of 404?
True
Is 893 a multiple of 47?
True
Is 1338 a multiple of 39?
False
Is 10 a factor of 74?
False
Is 46 a factor of 124184?
False
Does 8 divide 295?
False
Is 32 a factor of 189?
False
Is 510 a multiple of 5?
True
Is 492 a multiple of 123?
True
Is 59735 a multiple of 10?
False
Does 146 divide 1314?
True
Is 8 a factor of 1060?
False
Is 36 a factor of 2916?
True
Is 12 a factor of 478?
False
Is 16872 a multiple of 24?
True
Is 515 a multiple of 26?
False
Is 4 a factor of 3060?
True
Does 22 divide 3894?
True
Is 26 a factor of 884?
True
Is 59 a factor of 706?
False
Does 81 divide 2511?
True
Is 47 a factor of 5464?
False
Does 15 divide 31200?
True
Does 22 divide 11066?
True
Is 49 a factor of 2083?
False
Is 2391 a multiple of 16?
False
Is 79227 a multiple of 52?
False
Does 14 divide 579?
False
Is 1276 a multiple of 32?
False
Is 3 a factor of 7?
False
Is 1154 a multiple of 11?
False
Is 2 a factor of 214?
True
Is 28 a factor of 1866?
False
Does 98 divide 16447?
False
Is 13 a factor of 1474?
False
Does 7 divide 458?
False
Is 535 a factor of 30495?
True
Is 8215 a multiple of 155?
True
Does 17 divide 24417?
False
Is 423 a multiple of 9?
True
Is 9404 a multiple of 30?
False
Does 2 divide 1511?
False
Is 16 a factor of 389?
False
Is 2170 a multiple of 31?
True
Does 210 divide 112560?
True
Is 1628 a multiple of 15?
False
Is 3 a factor of 119?
False
Is 17 a factor of 2890?
True
Is 6 a factor of 2583?
False
Is 2404 a multiple of 12?
False
Is 8 a factor of 6017?
False
Is 98 a multiple of 2?
True
Does 9 divide 118?
False
Does 7 divide 2100?
True
Is 4424 a multiple of 8?
True
Is 23883 a multiple of 19?
True
Does 17 divide 39?
False
Is 1000 a multiple of 100?
True
Does 17 divide 8433?
False
Does 7 divide 674?
False
Is 6 a factor of 7690?
False
Does 16 divide 320?
True
Is 44 a factor of 5156?
False
Is 17 a factor of 881?
False
Is 26 a factor of 22438?
True
Does 109 divide 3161?
True
Is 3017 a multiple of 5?
False
Does 40 divide 6382?
False
Does 4 divide 304?
True
Does 7 divide 9058?
True
Is 13 a factor of 69301?
False
Is 51 a factor of 7242?
True
Does 8 divide 56?
True
Is 2307 a multiple of 63?
False
Is 5452 a multiple of 11?
False
Does 9 divide 7893?
True
Is 57 a factor of 14877?
True
Is 5645 a multiple of 133?
False
Is 8 a factor of 1940?
False
Is 20 a factor of 30736?
False
Is 21787 a multiple of 89?
False
Is 38070 a multiple of 18?
True
Is 57 a multiple of 3?
True
Is 60 a factor of 90896?
False
Is 10 a factor of 1950?
True
Is 7 a factor of 2730?
True
Is 852 a multiple of 71?
True
Is 68 a factor of 13464?
True
Is 8 a factor of 240?
True
Is 2502 a multiple of 68?
False
Is 1440 a multiple of 15?
True
Does 116 divide 8987?
False
Is 494 a multiple of 18?
False
Is 405 a multiple of 3?
True
Does 140 divide 1540?
True
Is 27 a factor of 567?
True
Does 11 divide 22935?
True
Does 3 divide 252?
True
Is 7024 a multiple of 87?
False
Is 35 a factor of 1076?
False
Is 1253 a multiple of 17?
False
Is 7 a factor of 2089?
False
Is 52 a factor of 3294?
False
Is 2898 a multiple of 46?
True
Does 152 divide 33322?
False
Does 11 divide 386?
False
Is 24 a factor of 476?
False
Is 4 a factor of 5108?
True
Is 2793 a multiple of 105?
False
Is 23 a factor of 5842?
True
Is 75 a factor of 20347?
False
Is 10 a factor of 2927?
False
Does 386 divide 140698?
False
Is 8083 a multiple of 137?
True
Does 192 divide 38784?
True
Is 1492 a multiple of 22?
False
Is 126948 a multiple of 447?
True
Is 14 a factor of 2870?
True
Is 723 a multiple of 10?
False
Is 48 a factor of 40656?
True
Is 22 a factor of 15404?
False
Does 10 divide 1960?
True
Does 114 divide 15706?
False
Is 45 a multiple of 9?
True
Is 583 a multiple of 34?
False
Is 16 a factor of 1360?
True
Is 13 a factor of 14898?
True
Does 6 divide 29977?
False
Does 164 divide 1148?
True
Does 5 divide 825?
True
Is 202 a factor of 15554?
True
Is 25 a factor of 225?
True
Is 24 a factor of 15384?
True
Does 79 divide 1157?
False
Is 12 a factor of 8628?
True
Is 14 a factor of 3197?
False
Is 28 a factor of 22618?
False
Does 29 divide 29?
True
Is 40 a factor of 1828?
False
Does 68 divide 1419?
False
Is 12 a factor of 1240?
False
Is 23 a factor of 33625?
False
Is 68 a factor of 272?
Tr